{"id":46,"date":"2021-11-28T15:18:56","date_gmt":"2021-11-28T15:18:56","guid":{"rendered":"http:\/\/pension-rothe.de\/?page_id=46"},"modified":"2021-11-28T16:18:08","modified_gmt":"2021-11-28T16:18:08","slug":"zimmer","status":"publish","type":"page","link":"https:\/\/pension-rothe.de\/?page_id=46","title":{"rendered":"Zimmer"},"content":{"rendered":"<p>Alle unserer Zimmer verf\u00fcgen \u00fcber Dusche, WC und TV.<\/p>\n<p>Wir verf\u00fcgen \u00fcber 4 Einzelzimmer, 2 Doppelzimmer und einem Doppelzimmer mit zus\u00e4tzlichem Schlafraum.<\/p>\n<p>\u00a0<\/p>\n<p>Unser Eingangsbereich und Fr\u00fchst\u00fccksbereich<\/p>\n\n\n<figure class=\"wp-block-gallery columns-3 is-cropped wp-block-gallery-1 is-layout-flex wp-block-gallery-is-layout-flex\"><ul class=\"blocks-gallery-grid\"><li class=\"blocks-gallery-item\"><figure><a href=\"http:\/\/pension-rothe.de\/wp-content\/uploads\/2018\/06\/handy-fotos-1485.jpg\"><img loading=\"lazy\" decoding=\"async\" width=\"1024\" height=\"576\" src=\"http:\/\/pension-rothe.de\/wp-content\/uploads\/2018\/06\/handy-fotos-1485-1024x576.jpg\" alt=\"\" data-id=\"35\" data-full-url=\"http:\/\/pension-rothe.de\/wp-content\/uploads\/2018\/06\/handy-fotos-1485.jpg\" data-link=\"http:\/\/pension-rothe.de\/?attachment_id=35\" class=\"wp-image-35\" srcset=\"https:\/\/pension-rothe.de\/wp-content\/uploads\/2018\/06\/handy-fotos-1485-1024x576.jpg 1024w, https:\/\/pension-rothe.de\/wp-content\/uploads\/2018\/06\/handy-fotos-1485-300x169.jpg 300w, https:\/\/pension-rothe.de\/wp-content\/uploads\/2018\/06\/handy-fotos-1485-768x432.jpg 768w, https:\/\/pension-rothe.de\/wp-content\/uploads\/2018\/06\/handy-fotos-1485-624x351.jpg 624w, https:\/\/pension-rothe.de\/wp-content\/uploads\/2018\/06\/handy-fotos-1485.jpg 1280w\" sizes=\"(max-width: 1024px) 100vw, 1024px\" \/><\/a><\/figure><\/li><li class=\"blocks-gallery-item\"><figure><a href=\"http:\/\/pension-rothe.de\/wp-content\/uploads\/2020\/12\/IMG-20200525-WA0031.jpg\"><img loading=\"lazy\" decoding=\"async\" width=\"768\" height=\"1024\" src=\"http:\/\/pension-rothe.de\/wp-content\/uploads\/2020\/12\/IMG-20200525-WA0031-768x1024.jpg\" alt=\"\" data-id=\"91\" data-full-url=\"http:\/\/pension-rothe.de\/wp-content\/uploads\/2020\/12\/IMG-20200525-WA0031.jpg\" data-link=\"http:\/\/pension-rothe.de\/?attachment_id=91\" class=\"wp-image-91\" srcset=\"https:\/\/pension-rothe.de\/wp-content\/uploads\/2020\/12\/IMG-20200525-WA0031-768x1024.jpg 768w, https:\/\/pension-rothe.de\/wp-content\/uploads\/2020\/12\/IMG-20200525-WA0031-225x300.jpg 225w, https:\/\/pension-rothe.de\/wp-content\/uploads\/2020\/12\/IMG-20200525-WA0031-624x832.jpg 624w, https:\/\/pension-rothe.de\/wp-content\/uploads\/2020\/12\/IMG-20200525-WA0031.jpg 1200w\" sizes=\"(max-width: 768px) 100vw, 768px\" \/><\/a><\/figure><\/li><li class=\"blocks-gallery-item\"><figure><a href=\"http:\/\/pension-rothe.de\/wp-content\/uploads\/2020\/12\/IMG-20200525-WA0030.jpg\"><img loading=\"lazy\" decoding=\"async\" width=\"768\" height=\"1024\" src=\"http:\/\/pension-rothe.de\/wp-content\/uploads\/2020\/12\/IMG-20200525-WA0030-768x1024.jpg\" alt=\"\" data-id=\"90\" data-full-url=\"http:\/\/pension-rothe.de\/wp-content\/uploads\/2020\/12\/IMG-20200525-WA0030.jpg\" data-link=\"http:\/\/pension-rothe.de\/?attachment_id=90\" class=\"wp-image-90\" srcset=\"https:\/\/pension-rothe.de\/wp-content\/uploads\/2020\/12\/IMG-20200525-WA0030-768x1024.jpg 768w, https:\/\/pension-rothe.de\/wp-content\/uploads\/2020\/12\/IMG-20200525-WA0030-225x300.jpg 225w, https:\/\/pension-rothe.de\/wp-content\/uploads\/2020\/12\/IMG-20200525-WA0030-624x832.jpg 624w, https:\/\/pension-rothe.de\/wp-content\/uploads\/2020\/12\/IMG-20200525-WA0030.jpg 1200w\" sizes=\"(max-width: 768px) 100vw, 768px\" \/><\/a><\/figure><\/li><li class=\"blocks-gallery-item\"><figure><a href=\"http:\/\/pension-rothe.de\/wp-content\/uploads\/2020\/12\/IMG-20200525-WA0032.jpg\"><img loading=\"lazy\" decoding=\"async\" width=\"768\" height=\"1024\" src=\"http:\/\/pension-rothe.de\/wp-content\/uploads\/2020\/12\/IMG-20200525-WA0032-768x1024.jpg\" alt=\"\" data-id=\"92\" data-full-url=\"http:\/\/pension-rothe.de\/wp-content\/uploads\/2020\/12\/IMG-20200525-WA0032.jpg\" data-link=\"http:\/\/pension-rothe.de\/?attachment_id=92\" class=\"wp-image-92\" srcset=\"https:\/\/pension-rothe.de\/wp-content\/uploads\/2020\/12\/IMG-20200525-WA0032-768x1024.jpg 768w, https:\/\/pension-rothe.de\/wp-content\/uploads\/2020\/12\/IMG-20200525-WA0032-225x300.jpg 225w, https:\/\/pension-rothe.de\/wp-content\/uploads\/2020\/12\/IMG-20200525-WA0032-624x832.jpg 624w, https:\/\/pension-rothe.de\/wp-content\/uploads\/2020\/12\/IMG-20200525-WA0032.jpg 1200w\" sizes=\"(max-width: 768px) 100vw, 768px\" \/><\/a><\/figure><\/li><li class=\"blocks-gallery-item\"><figure><a href=\"http:\/\/pension-rothe.de\/wp-content\/uploads\/2020\/12\/IMG-20200525-WA0000.jpg\"><img loading=\"lazy\" decoding=\"async\" width=\"768\" height=\"1024\" src=\"http:\/\/pension-rothe.de\/wp-content\/uploads\/2020\/12\/IMG-20200525-WA0000-768x1024.jpg\" alt=\"\" data-id=\"60\" data-full-url=\"http:\/\/pension-rothe.de\/wp-content\/uploads\/2020\/12\/IMG-20200525-WA0000.jpg\" data-link=\"http:\/\/pension-rothe.de\/?attachment_id=60\" class=\"wp-image-60\" srcset=\"https:\/\/pension-rothe.de\/wp-content\/uploads\/2020\/12\/IMG-20200525-WA0000-768x1024.jpg 768w, https:\/\/pension-rothe.de\/wp-content\/uploads\/2020\/12\/IMG-20200525-WA0000-225x300.jpg 225w, https:\/\/pension-rothe.de\/wp-content\/uploads\/2020\/12\/IMG-20200525-WA0000-624x832.jpg 624w, https:\/\/pension-rothe.de\/wp-content\/uploads\/2020\/12\/IMG-20200525-WA0000.jpg 1200w\" sizes=\"(max-width: 768px) 100vw, 768px\" \/><\/a><\/figure><\/li><li class=\"blocks-gallery-item\"><figure><a href=\"http:\/\/pension-rothe.de\/wp-content\/uploads\/2020\/12\/IMG-20200525-WA0029.jpg\"><img loading=\"lazy\" decoding=\"async\" width=\"768\" height=\"1024\" src=\"http:\/\/pension-rothe.de\/wp-content\/uploads\/2020\/12\/IMG-20200525-WA0029-768x1024.jpg\" alt=\"\" data-id=\"89\" data-full-url=\"http:\/\/pension-rothe.de\/wp-content\/uploads\/2020\/12\/IMG-20200525-WA0029.jpg\" data-link=\"http:\/\/pension-rothe.de\/?attachment_id=89\" class=\"wp-image-89\" srcset=\"https:\/\/pension-rothe.de\/wp-content\/uploads\/2020\/12\/IMG-20200525-WA0029-768x1024.jpg 768w, https:\/\/pension-rothe.de\/wp-content\/uploads\/2020\/12\/IMG-20200525-WA0029-225x300.jpg 225w, https:\/\/pension-rothe.de\/wp-content\/uploads\/2020\/12\/IMG-20200525-WA0029-624x832.jpg 624w, https:\/\/pension-rothe.de\/wp-content\/uploads\/2020\/12\/IMG-20200525-WA0029.jpg 1200w\" sizes=\"(max-width: 768px) 100vw, 768px\" \/><\/a><\/figure><\/li><\/ul><\/figure>\n\n\n\n<p><\/p>\n\n\n\n<p><\/p>\n\n\n\n<p>Einrichtung unserer Einzelzimmer<\/p>\n\n\n\n<figure class=\"wp-block-gallery columns-3 is-cropped wp-block-gallery-2 is-layout-flex wp-block-gallery-is-layout-flex\"><ul class=\"blocks-gallery-grid\"><li class=\"blocks-gallery-item\"><figure><img loading=\"lazy\" decoding=\"async\" width=\"768\" height=\"1024\" src=\"http:\/\/pension-rothe.de\/wp-content\/uploads\/2020\/12\/IMG-20200525-WA0007-768x1024.jpg\" alt=\"\" data-id=\"67\" data-full-url=\"http:\/\/pension-rothe.de\/wp-content\/uploads\/2020\/12\/IMG-20200525-WA0007.jpg\" data-link=\"http:\/\/pension-rothe.de\/?attachment_id=67\" class=\"wp-image-67\" srcset=\"https:\/\/pension-rothe.de\/wp-content\/uploads\/2020\/12\/IMG-20200525-WA0007-768x1024.jpg 768w, https:\/\/pension-rothe.de\/wp-content\/uploads\/2020\/12\/IMG-20200525-WA0007-225x300.jpg 225w, https:\/\/pension-rothe.de\/wp-content\/uploads\/2020\/12\/IMG-20200525-WA0007-624x832.jpg 624w, https:\/\/pension-rothe.de\/wp-content\/uploads\/2020\/12\/IMG-20200525-WA0007.jpg 1200w\" sizes=\"(max-width: 768px) 100vw, 768px\" \/><\/figure><\/li><li class=\"blocks-gallery-item\"><figure><img loading=\"lazy\" decoding=\"async\" width=\"1024\" height=\"768\" src=\"http:\/\/pension-rothe.de\/wp-content\/uploads\/2020\/12\/IMG-20200525-WA0016-1024x768.jpg\" alt=\"\" data-id=\"76\" data-full-url=\"http:\/\/pension-rothe.de\/wp-content\/uploads\/2020\/12\/IMG-20200525-WA0016.jpg\" data-link=\"http:\/\/pension-rothe.de\/?attachment_id=76\" class=\"wp-image-76\" srcset=\"https:\/\/pension-rothe.de\/wp-content\/uploads\/2020\/12\/IMG-20200525-WA0016-1024x768.jpg 1024w, https:\/\/pension-rothe.de\/wp-content\/uploads\/2020\/12\/IMG-20200525-WA0016-300x225.jpg 300w, https:\/\/pension-rothe.de\/wp-content\/uploads\/2020\/12\/IMG-20200525-WA0016-768x576.jpg 768w, https:\/\/pension-rothe.de\/wp-content\/uploads\/2020\/12\/IMG-20200525-WA0016-624x468.jpg 624w, https:\/\/pension-rothe.de\/wp-content\/uploads\/2020\/12\/IMG-20200525-WA0016.jpg 1600w\" sizes=\"(max-width: 1024px) 100vw, 1024px\" \/><\/figure><\/li><li class=\"blocks-gallery-item\"><figure><img loading=\"lazy\" decoding=\"async\" width=\"1024\" height=\"768\" src=\"http:\/\/pension-rothe.de\/wp-content\/uploads\/2020\/12\/IMG-20200525-WA0013-1024x768.jpg\" alt=\"\" data-id=\"73\" data-full-url=\"http:\/\/pension-rothe.de\/wp-content\/uploads\/2020\/12\/IMG-20200525-WA0013.jpg\" data-link=\"http:\/\/pension-rothe.de\/?attachment_id=73\" class=\"wp-image-73\" srcset=\"https:\/\/pension-rothe.de\/wp-content\/uploads\/2020\/12\/IMG-20200525-WA0013-1024x768.jpg 1024w, https:\/\/pension-rothe.de\/wp-content\/uploads\/2020\/12\/IMG-20200525-WA0013-300x225.jpg 300w, https:\/\/pension-rothe.de\/wp-content\/uploads\/2020\/12\/IMG-20200525-WA0013-768x576.jpg 768w, https:\/\/pension-rothe.de\/wp-content\/uploads\/2020\/12\/IMG-20200525-WA0013-624x468.jpg 624w, https:\/\/pension-rothe.de\/wp-content\/uploads\/2020\/12\/IMG-20200525-WA0013.jpg 1600w\" sizes=\"(max-width: 1024px) 100vw, 1024px\" \/><\/figure><\/li><li class=\"blocks-gallery-item\"><figure><img loading=\"lazy\" decoding=\"async\" width=\"768\" height=\"1024\" src=\"http:\/\/pension-rothe.de\/wp-content\/uploads\/2020\/12\/IMG-20200525-WA0014-768x1024.jpg\" alt=\"\" data-id=\"74\" data-full-url=\"http:\/\/pension-rothe.de\/wp-content\/uploads\/2020\/12\/IMG-20200525-WA0014.jpg\" data-link=\"http:\/\/pension-rothe.de\/?attachment_id=74\" class=\"wp-image-74\" srcset=\"https:\/\/pension-rothe.de\/wp-content\/uploads\/2020\/12\/IMG-20200525-WA0014-768x1024.jpg 768w, https:\/\/pension-rothe.de\/wp-content\/uploads\/2020\/12\/IMG-20200525-WA0014-225x300.jpg 225w, https:\/\/pension-rothe.de\/wp-content\/uploads\/2020\/12\/IMG-20200525-WA0014-624x832.jpg 624w, https:\/\/pension-rothe.de\/wp-content\/uploads\/2020\/12\/IMG-20200525-WA0014.jpg 1200w\" sizes=\"(max-width: 768px) 100vw, 768px\" \/><\/figure><\/li><li class=\"blocks-gallery-item\"><figure><img loading=\"lazy\" decoding=\"async\" width=\"768\" height=\"1024\" src=\"http:\/\/pension-rothe.de\/wp-content\/uploads\/2020\/12\/IMG-20200525-WA0006-768x1024.jpg\" alt=\"\" data-id=\"66\" data-full-url=\"http:\/\/pension-rothe.de\/wp-content\/uploads\/2020\/12\/IMG-20200525-WA0006.jpg\" data-link=\"http:\/\/pension-rothe.de\/?attachment_id=66\" class=\"wp-image-66\" srcset=\"https:\/\/pension-rothe.de\/wp-content\/uploads\/2020\/12\/IMG-20200525-WA0006-768x1024.jpg 768w, https:\/\/pension-rothe.de\/wp-content\/uploads\/2020\/12\/IMG-20200525-WA0006-225x300.jpg 225w, https:\/\/pension-rothe.de\/wp-content\/uploads\/2020\/12\/IMG-20200525-WA0006-624x832.jpg 624w, https:\/\/pension-rothe.de\/wp-content\/uploads\/2020\/12\/IMG-20200525-WA0006.jpg 1200w\" sizes=\"(max-width: 768px) 100vw, 768px\" \/><\/figure><\/li><li class=\"blocks-gallery-item\"><figure><img loading=\"lazy\" decoding=\"async\" width=\"768\" height=\"1024\" src=\"http:\/\/pension-rothe.de\/wp-content\/uploads\/2020\/12\/IMG-20200525-WA0005-768x1024.jpg\" alt=\"\" data-id=\"65\" data-full-url=\"http:\/\/pension-rothe.de\/wp-content\/uploads\/2020\/12\/IMG-20200525-WA0005.jpg\" data-link=\"http:\/\/pension-rothe.de\/?attachment_id=65\" class=\"wp-image-65\" srcset=\"https:\/\/pension-rothe.de\/wp-content\/uploads\/2020\/12\/IMG-20200525-WA0005-768x1024.jpg 768w, https:\/\/pension-rothe.de\/wp-content\/uploads\/2020\/12\/IMG-20200525-WA0005-225x300.jpg 225w, https:\/\/pension-rothe.de\/wp-content\/uploads\/2020\/12\/IMG-20200525-WA0005-624x832.jpg 624w, https:\/\/pension-rothe.de\/wp-content\/uploads\/2020\/12\/IMG-20200525-WA0005.jpg 1200w\" sizes=\"(max-width: 768px) 100vw, 768px\" \/><\/figure><\/li><li class=\"blocks-gallery-item\"><figure><img loading=\"lazy\" decoding=\"async\" width=\"768\" height=\"1024\" src=\"http:\/\/pension-rothe.de\/wp-content\/uploads\/2020\/12\/IMG-20200525-WA0008-768x1024.jpg\" alt=\"\" data-id=\"68\" data-full-url=\"http:\/\/pension-rothe.de\/wp-content\/uploads\/2020\/12\/IMG-20200525-WA0008.jpg\" data-link=\"http:\/\/pension-rothe.de\/?attachment_id=68\" class=\"wp-image-68\" srcset=\"https:\/\/pension-rothe.de\/wp-content\/uploads\/2020\/12\/IMG-20200525-WA0008-768x1024.jpg 768w, https:\/\/pension-rothe.de\/wp-content\/uploads\/2020\/12\/IMG-20200525-WA0008-225x300.jpg 225w, https:\/\/pension-rothe.de\/wp-content\/uploads\/2020\/12\/IMG-20200525-WA0008-624x832.jpg 624w, https:\/\/pension-rothe.de\/wp-content\/uploads\/2020\/12\/IMG-20200525-WA0008.jpg 1200w\" sizes=\"(max-width: 768px) 100vw, 768px\" \/><\/figure><\/li><li class=\"blocks-gallery-item\"><figure><img loading=\"lazy\" decoding=\"async\" width=\"768\" height=\"1024\" src=\"http:\/\/pension-rothe.de\/wp-content\/uploads\/2020\/12\/IMG-20200525-WA0009-768x1024.jpg\" alt=\"\" data-id=\"69\" data-full-url=\"http:\/\/pension-rothe.de\/wp-content\/uploads\/2020\/12\/IMG-20200525-WA0009.jpg\" data-link=\"http:\/\/pension-rothe.de\/?attachment_id=69\" class=\"wp-image-69\" srcset=\"https:\/\/pension-rothe.de\/wp-content\/uploads\/2020\/12\/IMG-20200525-WA0009-768x1024.jpg 768w, https:\/\/pension-rothe.de\/wp-content\/uploads\/2020\/12\/IMG-20200525-WA0009-225x300.jpg 225w, https:\/\/pension-rothe.de\/wp-content\/uploads\/2020\/12\/IMG-20200525-WA0009-624x832.jpg 624w, https:\/\/pension-rothe.de\/wp-content\/uploads\/2020\/12\/IMG-20200525-WA0009.jpg 1200w\" sizes=\"(max-width: 768px) 100vw, 768px\" \/><\/figure><\/li><li class=\"blocks-gallery-item\"><figure><img loading=\"lazy\" decoding=\"async\" width=\"768\" height=\"1024\" src=\"http:\/\/pension-rothe.de\/wp-content\/uploads\/2020\/12\/IMG-20200525-WA0012-768x1024.jpg\" alt=\"\" data-id=\"72\" data-full-url=\"http:\/\/pension-rothe.de\/wp-content\/uploads\/2020\/12\/IMG-20200525-WA0012.jpg\" data-link=\"http:\/\/pension-rothe.de\/?attachment_id=72\" class=\"wp-image-72\" srcset=\"https:\/\/pension-rothe.de\/wp-content\/uploads\/2020\/12\/IMG-20200525-WA0012-768x1024.jpg 768w, https:\/\/pension-rothe.de\/wp-content\/uploads\/2020\/12\/IMG-20200525-WA0012-225x300.jpg 225w, https:\/\/pension-rothe.de\/wp-content\/uploads\/2020\/12\/IMG-20200525-WA0012-624x832.jpg 624w, https:\/\/pension-rothe.de\/wp-content\/uploads\/2020\/12\/IMG-20200525-WA0012.jpg 1200w\" sizes=\"(max-width: 768px) 100vw, 768px\" \/><\/figure><\/li><\/ul><\/figure>\n\n\n\n<p><\/p>\n\n\n\n<p><\/p>\n\n\n\n<p>Einrichtung unserer Doppelzimmer<\/p>\n\n\n\n<figure class=\"wp-block-gallery columns-3 is-cropped wp-block-gallery-3 is-layout-flex wp-block-gallery-is-layout-flex\"><ul class=\"blocks-gallery-grid\"><li class=\"blocks-gallery-item\"><figure><a href=\"http:\/\/pension-rothe.de\/wp-content\/uploads\/2020\/12\/IMG-20200525-WA0027.jpg\"><img loading=\"lazy\" decoding=\"async\" width=\"768\" height=\"1024\" src=\"http:\/\/pension-rothe.de\/wp-content\/uploads\/2020\/12\/IMG-20200525-WA0027-768x1024.jpg\" alt=\"\" data-id=\"87\" data-full-url=\"http:\/\/pension-rothe.de\/wp-content\/uploads\/2020\/12\/IMG-20200525-WA0027.jpg\" data-link=\"http:\/\/pension-rothe.de\/?attachment_id=87\" class=\"wp-image-87\" srcset=\"https:\/\/pension-rothe.de\/wp-content\/uploads\/2020\/12\/IMG-20200525-WA0027-768x1024.jpg 768w, https:\/\/pension-rothe.de\/wp-content\/uploads\/2020\/12\/IMG-20200525-WA0027-225x300.jpg 225w, https:\/\/pension-rothe.de\/wp-content\/uploads\/2020\/12\/IMG-20200525-WA0027-624x832.jpg 624w, https:\/\/pension-rothe.de\/wp-content\/uploads\/2020\/12\/IMG-20200525-WA0027.jpg 1200w\" sizes=\"(max-width: 768px) 100vw, 768px\" \/><\/a><\/figure><\/li><li class=\"blocks-gallery-item\"><figure><a href=\"http:\/\/pension-rothe.de\/wp-content\/uploads\/2020\/12\/IMG-20200525-WA0003.jpg\"><img loading=\"lazy\" decoding=\"async\" width=\"768\" height=\"1024\" src=\"http:\/\/pension-rothe.de\/wp-content\/uploads\/2020\/12\/IMG-20200525-WA0003-768x1024.jpg\" alt=\"\" data-id=\"63\" data-full-url=\"http:\/\/pension-rothe.de\/wp-content\/uploads\/2020\/12\/IMG-20200525-WA0003.jpg\" data-link=\"http:\/\/pension-rothe.de\/?attachment_id=63\" class=\"wp-image-63\" srcset=\"https:\/\/pension-rothe.de\/wp-content\/uploads\/2020\/12\/IMG-20200525-WA0003-768x1024.jpg 768w, https:\/\/pension-rothe.de\/wp-content\/uploads\/2020\/12\/IMG-20200525-WA0003-225x300.jpg 225w, https:\/\/pension-rothe.de\/wp-content\/uploads\/2020\/12\/IMG-20200525-WA0003-624x832.jpg 624w, https:\/\/pension-rothe.de\/wp-content\/uploads\/2020\/12\/IMG-20200525-WA0003.jpg 1200w\" sizes=\"(max-width: 768px) 100vw, 768px\" \/><\/a><\/figure><\/li><li class=\"blocks-gallery-item\"><figure><a href=\"http:\/\/pension-rothe.de\/wp-content\/uploads\/2020\/12\/IMG-20200525-WA0001.jpg\"><img loading=\"lazy\" decoding=\"async\" width=\"768\" height=\"1024\" src=\"http:\/\/pension-rothe.de\/wp-content\/uploads\/2020\/12\/IMG-20200525-WA0001-768x1024.jpg\" alt=\"\" data-id=\"61\" data-full-url=\"http:\/\/pension-rothe.de\/wp-content\/uploads\/2020\/12\/IMG-20200525-WA0001.jpg\" data-link=\"http:\/\/pension-rothe.de\/?attachment_id=61\" class=\"wp-image-61\" srcset=\"https:\/\/pension-rothe.de\/wp-content\/uploads\/2020\/12\/IMG-20200525-WA0001-768x1024.jpg 768w, https:\/\/pension-rothe.de\/wp-content\/uploads\/2020\/12\/IMG-20200525-WA0001-225x300.jpg 225w, https:\/\/pension-rothe.de\/wp-content\/uploads\/2020\/12\/IMG-20200525-WA0001-624x832.jpg 624w, https:\/\/pension-rothe.de\/wp-content\/uploads\/2020\/12\/IMG-20200525-WA0001.jpg 1200w\" sizes=\"(max-width: 768px) 100vw, 768px\" \/><\/a><\/figure><\/li><li class=\"blocks-gallery-item\"><figure><a href=\"http:\/\/pension-rothe.de\/wp-content\/uploads\/2020\/12\/IMG-20200525-WA0022.jpg\"><img loading=\"lazy\" decoding=\"async\" width=\"768\" height=\"1024\" src=\"http:\/\/pension-rothe.de\/wp-content\/uploads\/2020\/12\/IMG-20200525-WA0022-768x1024.jpg\" alt=\"\" data-id=\"82\" data-full-url=\"http:\/\/pension-rothe.de\/wp-content\/uploads\/2020\/12\/IMG-20200525-WA0022.jpg\" data-link=\"http:\/\/pension-rothe.de\/?attachment_id=82\" class=\"wp-image-82\" srcset=\"https:\/\/pension-rothe.de\/wp-content\/uploads\/2020\/12\/IMG-20200525-WA0022-768x1024.jpg 768w, https:\/\/pension-rothe.de\/wp-content\/uploads\/2020\/12\/IMG-20200525-WA0022-225x300.jpg 225w, https:\/\/pension-rothe.de\/wp-content\/uploads\/2020\/12\/IMG-20200525-WA0022-624x832.jpg 624w, https:\/\/pension-rothe.de\/wp-content\/uploads\/2020\/12\/IMG-20200525-WA0022.jpg 1200w\" sizes=\"(max-width: 768px) 100vw, 768px\" \/><\/a><\/figure><\/li><li class=\"blocks-gallery-item\"><figure><a href=\"http:\/\/pension-rothe.de\/wp-content\/uploads\/2020\/12\/IMG-20200525-WA0018.jpg\"><img loading=\"lazy\" decoding=\"async\" width=\"768\" height=\"1024\" src=\"http:\/\/pension-rothe.de\/wp-content\/uploads\/2020\/12\/IMG-20200525-WA0018-768x1024.jpg\" alt=\"\" data-id=\"78\" data-full-url=\"http:\/\/pension-rothe.de\/wp-content\/uploads\/2020\/12\/IMG-20200525-WA0018.jpg\" data-link=\"http:\/\/pension-rothe.de\/?attachment_id=78\" class=\"wp-image-78\" srcset=\"https:\/\/pension-rothe.de\/wp-content\/uploads\/2020\/12\/IMG-20200525-WA0018-768x1024.jpg 768w, https:\/\/pension-rothe.de\/wp-content\/uploads\/2020\/12\/IMG-20200525-WA0018-225x300.jpg 225w, https:\/\/pension-rothe.de\/wp-content\/uploads\/2020\/12\/IMG-20200525-WA0018-624x832.jpg 624w, https:\/\/pension-rothe.de\/wp-content\/uploads\/2020\/12\/IMG-20200525-WA0018.jpg 1200w\" sizes=\"(max-width: 768px) 100vw, 768px\" \/><\/a><\/figure><\/li><li class=\"blocks-gallery-item\"><figure><a href=\"http:\/\/pension-rothe.de\/wp-content\/uploads\/2020\/12\/IMG-20200525-WA0026.jpg\"><img loading=\"lazy\" decoding=\"async\" width=\"768\" height=\"1024\" src=\"http:\/\/pension-rothe.de\/wp-content\/uploads\/2020\/12\/IMG-20200525-WA0026-768x1024.jpg\" alt=\"\" data-id=\"86\" data-full-url=\"http:\/\/pension-rothe.de\/wp-content\/uploads\/2020\/12\/IMG-20200525-WA0026.jpg\" data-link=\"http:\/\/pension-rothe.de\/?attachment_id=86\" class=\"wp-image-86\" srcset=\"https:\/\/pension-rothe.de\/wp-content\/uploads\/2020\/12\/IMG-20200525-WA0026-768x1024.jpg 768w, https:\/\/pension-rothe.de\/wp-content\/uploads\/2020\/12\/IMG-20200525-WA0026-225x300.jpg 225w, https:\/\/pension-rothe.de\/wp-content\/uploads\/2020\/12\/IMG-20200525-WA0026-624x832.jpg 624w, https:\/\/pension-rothe.de\/wp-content\/uploads\/2020\/12\/IMG-20200525-WA0026.jpg 1200w\" sizes=\"(max-width: 768px) 100vw, 768px\" \/><\/a><\/figure><\/li><li class=\"blocks-gallery-item\"><figure><a href=\"http:\/\/pension-rothe.de\/wp-content\/uploads\/2020\/12\/IMG-20200525-WA0025.jpg\"><img loading=\"lazy\" decoding=\"async\" width=\"768\" height=\"1024\" src=\"http:\/\/pension-rothe.de\/wp-content\/uploads\/2020\/12\/IMG-20200525-WA0025-768x1024.jpg\" alt=\"\" data-id=\"85\" data-full-url=\"http:\/\/pension-rothe.de\/wp-content\/uploads\/2020\/12\/IMG-20200525-WA0025.jpg\" data-link=\"http:\/\/pension-rothe.de\/?attachment_id=85\" class=\"wp-image-85\" srcset=\"https:\/\/pension-rothe.de\/wp-content\/uploads\/2020\/12\/IMG-20200525-WA0025-768x1024.jpg 768w, https:\/\/pension-rothe.de\/wp-content\/uploads\/2020\/12\/IMG-20200525-WA0025-225x300.jpg 225w, https:\/\/pension-rothe.de\/wp-content\/uploads\/2020\/12\/IMG-20200525-WA0025-624x832.jpg 624w, https:\/\/pension-rothe.de\/wp-content\/uploads\/2020\/12\/IMG-20200525-WA0025.jpg 1200w\" sizes=\"(max-width: 768px) 100vw, 768px\" \/><\/a><\/figure><\/li><li class=\"blocks-gallery-item\"><figure><a href=\"http:\/\/pension-rothe.de\/wp-content\/uploads\/2020\/12\/IMG-20200525-WA0002.jpg\"><img loading=\"lazy\" decoding=\"async\" width=\"768\" height=\"1024\" src=\"http:\/\/pension-rothe.de\/wp-content\/uploads\/2020\/12\/IMG-20200525-WA0002-768x1024.jpg\" alt=\"\" data-id=\"62\" data-full-url=\"http:\/\/pension-rothe.de\/wp-content\/uploads\/2020\/12\/IMG-20200525-WA0002.jpg\" data-link=\"http:\/\/pension-rothe.de\/?attachment_id=62\" class=\"wp-image-62\" srcset=\"https:\/\/pension-rothe.de\/wp-content\/uploads\/2020\/12\/IMG-20200525-WA0002-768x1024.jpg 768w, https:\/\/pension-rothe.de\/wp-content\/uploads\/2020\/12\/IMG-20200525-WA0002-225x300.jpg 225w, https:\/\/pension-rothe.de\/wp-content\/uploads\/2020\/12\/IMG-20200525-WA0002-624x832.jpg 624w, https:\/\/pension-rothe.de\/wp-content\/uploads\/2020\/12\/IMG-20200525-WA0002.jpg 1200w\" sizes=\"(max-width: 768px) 100vw, 768px\" \/><\/a><\/figure><\/li><li class=\"blocks-gallery-item\"><figure><a href=\"http:\/\/pension-rothe.de\/wp-content\/uploads\/2020\/12\/IMG-20200525-WA0023.jpg\"><img loading=\"lazy\" decoding=\"async\" width=\"768\" height=\"1024\" src=\"http:\/\/pension-rothe.de\/wp-content\/uploads\/2020\/12\/IMG-20200525-WA0023-768x1024.jpg\" alt=\"\" data-id=\"83\" data-full-url=\"http:\/\/pension-rothe.de\/wp-content\/uploads\/2020\/12\/IMG-20200525-WA0023.jpg\" data-link=\"http:\/\/pension-rothe.de\/?attachment_id=83\" class=\"wp-image-83\" srcset=\"https:\/\/pension-rothe.de\/wp-content\/uploads\/2020\/12\/IMG-20200525-WA0023-768x1024.jpg 768w, https:\/\/pension-rothe.de\/wp-content\/uploads\/2020\/12\/IMG-20200525-WA0023-225x300.jpg 225w, https:\/\/pension-rothe.de\/wp-content\/uploads\/2020\/12\/IMG-20200525-WA0023-624x832.jpg 624w, https:\/\/pension-rothe.de\/wp-content\/uploads\/2020\/12\/IMG-20200525-WA0023.jpg 1200w\" sizes=\"(max-width: 768px) 100vw, 768px\" \/><\/a><\/figure><\/li><\/ul><\/figure>\n","protected":false},"excerpt":{"rendered":"<p>Alle unserer Zimmer verf\u00fcgen \u00fcber Dusche, WC und TV. Wir verf\u00fcgen \u00fcber 4 Einzelzimmer, 2 Doppelzimmer und einem Doppelzimmer mit zus\u00e4tzlichem Schlafraum. \u00a0 Unser Eingangsbereich und Fr\u00fchst\u00fccksbereich Einrichtung unserer Einzelzimmer Einrichtung unserer Doppelzimmer<\/p>\n","protected":false},"author":1,"featured_media":0,"parent":2,"menu_order":1,"comment_status":"closed","ping_status":"closed","template":"","meta":{"footnotes":""},"_links":{"self":[{"href":"https:\/\/pension-rothe.de\/index.php?rest_route=\/wp\/v2\/pages\/46"}],"collection":[{"href":"https:\/\/pension-rothe.de\/index.php?rest_route=\/wp\/v2\/pages"}],"about":[{"href":"https:\/\/pension-rothe.de\/index.php?rest_route=\/wp\/v2\/types\/page"}],"author":[{"embeddable":true,"href":"https:\/\/pension-rothe.de\/index.php?rest_route=\/wp\/v2\/users\/1"}],"replies":[{"embeddable":true,"href":"https:\/\/pension-rothe.de\/index.php?rest_route=%2Fwp%2Fv2%2Fcomments&post=46"}],"version-history":[{"count":5,"href":"https:\/\/pension-rothe.de\/index.php?rest_route=\/wp\/v2\/pages\/46\/revisions"}],"predecessor-version":[{"id":106,"href":"https:\/\/pension-rothe.de\/index.php?rest_route=\/wp\/v2\/pages\/46\/revisions\/106"}],"up":[{"embeddable":true,"href":"https:\/\/pension-rothe.de\/index.php?rest_route=\/wp\/v2\/pages\/2"}],"wp:attachment":[{"href":"https:\/\/pension-rothe.de\/index.php?rest_route=%2Fwp%2Fv2%2Fmedia&parent=46"}],"curies":[{"name":"wp","href":"https:\/\/api.w.org\/{rel}","templated":true}]}}